 by r.
4
What is the remainder when 1034 is divided by (-48)/28 + 2 + 576/42?
12
Suppose -70 = -4*i + 34. Let d = 205 - i. Let c = -2982 - -3027. Calculate the remainder when d is divided by c.
44
Suppose -3*v + 22 = -5*j, -4*v + v - 3*j + 6 = 0. Suppose -4*h = -q - 297 + 3, -2*q + v = 0. Calculate the remainder when h is divided by 11.
8
Let i be 272 - (1 - 1) - 75/(-15). Let t = i + -269. Suppose -2*g + 96 = 5*x, -4*x - 22 = -5*x + g. What is the remainder when x is divided by t?
4
Let l be 1 + 16 - (-26)/(-13). Let a = -11 + l. Suppose -2*f = f - 9, a*i - f = 53. Calculate the remainder when i is divided by 8.
6
Let y be 0 - 2006/14 - (-2)/7. Let d = -104 - y. Calculate the remainder when d is divided by 7.
4
Let u = 1174 + -1153. What is the remainder when u is divided by ((-16)/(-12))/(1/6)?
5
Let o = 76 - 83. Let l(y) = -y**2 - 4*y + 24. Let b be l(o). Suppose -b*h = -7*n + 3*n + 30, -4*n = 2*h - 20. What is the remainder when 16 is divided by n?
4
Let f(o) = 3*o**2 - 111*o - 200. What is the remainder when f(39) is divided by 25?
9
Suppose 8 = -5*z - 7. Let h = -1008 + 1084. What is the remainder when h is divided by (z/4)/(6/(-168))?
13
Let b(o) = 3022*o - 2517. What is the remainder when b(3) is divided by 182?
179
Let r = -23 + 33. What is the remainder when (12 + -8)/((-1)/(-24)) is divided by r?
6
Let l(u) be the third derivative of u**5/60 + u**4/8 - 7*u**3/6 - 929*u**2. Suppose 2*i - 6 = -2. What is the remainder when 7 is divided by l(i)?
1
Let k = 3077 - 2958. Calculate the remainder when k is divided by 16.
7
Suppose 39*l - 1836 = 65*l - 38*l. Calculate the remainder when 423 is divided by l.
117
Let q(y) = 11*y - 41. Let g = 1000 - 910. What is the remainder when g is divided by q(8)?
43
Suppose 2307900 = -2269*i + 2479*i. What is the remainder when i is divided by 48?
46
Suppose -2*r - f = r + 212, -2*r - 3*f - 139 = 0. Let q = r + 79. Suppose 3*o = -0*p - 3*p + 141, 2*p = 4*o + 88. What is the remainder when p is divided by q?
6
What is the remainder when 1139 is divided by 64 - (1 + (10/(-40))/(1/(-12)))?
59
Let d be ((-16)/24*191)/(2/(-3)). Suppose 0 = 5*m + 15, -s - 22*m = -23*m - d. What is the remainder when s is divided by 9?
8
Let r be -1 - -12 - (36/(-3))/(-12). Suppose -p - 3*w = -10, 2*p + w = 15 + r. What is the remainder when 32 is divided by p?
6
What is the remainder when ((-364)/(-119))/26 + 133718/34 is divided by 437?
0
Let r = 22403 + -22362. Suppose -m + 7 = 1. Calculate the remainder when r is divided by (-9)/m*(-2 - 2).
5
Suppose 175 = 2*n + 3*n. Let w(x) = 160*x - 1675. Calculate the remainder when w(11) is divided by n.
15
Suppose 2*y + 5*u = 17, 35*u + 90 = 5*y + 38*u. What is the remainder when 85 is divided by y?
1
Suppose -206 = 4*m + 10. Let c be ((8/(-3))/(-4))/((-3)/m). Suppose 1086 + 762 = c*f. What is the remainder when f is divided by 39?
37
Suppose -3*t = -6, 266 = 2*b + 2*b - t. Suppose b = 3*z - 2*z. Let g = z - 63. Calculate the remainder when 37 is divided by g.
1
Calculate the remainder when 636 is divided by (-18414)/(-484) - 14/308.
28
Suppose 503*z = 521*z - 34776. What is the remainder when z is divided by 57?
51
Calculate the remainder when 1288 is divided by (1032/9)/((-184)/(-138)).
84
Suppose -3176 = -81*z - 34*z + 6829. Let r(t) = 10*t - 2. Calculate the remainder when z is divided by r(2).
15
Let d(n) = -n**2 - 41*n - 159. Suppose 0*s = -4*s - 1872. Calculate the remainder when d(-35) is divided by s/(-33) + 4/(-22).
9
Let p(d) = d**3 + 13*d**2 + 20*d + 1. Let t = -211 + 200. What is the remainder when 157 is divided by p(t)?
19
Suppose -w - j + 192 = 0, -3*w + 5*j + 55 = -561. Suppose 5*m + 4*i = w, 2*i + 44 = 4*m - 98. Calculate the remainder when 66 is divided by m.
29
Calculate the remainder when ((-5432)/2)/(-14 + 12) is divided by 85.
83
Let q(a) = a - 1. Let h be q(6). Suppose 860 = 5*x - h*n, -2*x + 3*n = 3*x - 866. Calculate the remainder when x is divided by 31/(1519/2142) - (-16)/56.
43
Let x(z) = -62*z + 1. Suppose -3*n - b + 30 + 9 = 0, 5*b = -3*n + 39. Calculate the remainder when x(-1) is divided by n.
11
Suppose 0 = -2*y + 3*u + 225, 2*u = y - u - 108. Suppose 15 - 48 = -v - 3*p, -2*v = -3*p - 111. What is the remainder when y is divided by (-3 + 7)/(16/v)?
9
What is the remainder when 4975 is divided by 5*(-18)/21*112/(-24)?
15
Let b = 9 - 7. Suppose 2*o - 3 = -g + 2, 6 = -b*o. Suppose -g + 25 = c. What is the remainder when 53 is divided by c?
11
Suppose 121*o + 936 - 2388 = 0. Calculate the remainder when 339 is divided by o.
3
Let m = 4610 + -3866. What is the remainder when m is divided by 241?
21
Let d(r) = 4*r - 114. Let o be d(29). Let a(z) = 45*z - 22. Suppose -3*l + f = -38 - 13, 5*l - 84 = 2*f. Calculate the remainder when a(o) is divided by l.
14
Let p be -117 + (2 - ((2 - 2) + -1)). Let b = p - -175. Let c = b - 36. Calculate the remainder when c is divided by 7.
4
Let b(w) = w**3 + w**2 - 91*w - 24. What is the remainder when 584 is divided by b(10)?
86
Let j be 108/(-14) - ((-160)/(-70))/8. What is the remainder when ((-12)/30)/(j/7460) is divided by 11?
10
Suppose 4*w - 10*i + 35 = 347, 0 = 3*w - i - 247. Calculate the remainder when 130 is divided by w.
47
Let i = 270 + -162. Suppose 70 = 3*k + 4*r, 4*k + 4*r = 6*r + i. What is the remainder when 116 is divided by k?
12
Suppose 4881 = 2*s + 5*g - 128, -3*g - 2532 = -s. What is the remainder when s is divided by 97?
92
Let h(p) = 30*p**3 + 40*p - 84. What is the remainder when h(2) is divided by 23?
6
Let n = 140 + -249. Let l = 131 + n. Calculate the remainder when l is divided by 12.
10
Let o(i) = i**3 - 6*i**2 + 2*i - 6. What is the remainder when (48/64)/(4/144) is divided by o(6)?
3
Let t(g) = -99*g - 1. Let a be t(-3). Suppose -2*z + a = 2*z. Suppose 0 = -5*p - 9 + z. Calculate the remainder when p is divided by 7.
6
Suppose -8*l + 2*v + 856 = -4*l, -3*l + 636 = -3*v. Let m = -14 - -45. What is the remainder when l is divided by m?
30
Let r = -1722 + 1724. Let p be ((-8)/(-6))/(7/525). Suppose -p = -6*y + r*y. What is the remainder when y is divided by 9?
7
Let r(f) = -f + 21. Let o be r(19). Suppose 3*n = z + 22, 3*z - 47 = -o*n - 14. What is the remainder when ((-6)/4)/(9/(-204)) is divided by n?
7
Let z(r) = -15*r**2 - 13*r + 24. Let m be z(3). What is the remainder when (-23085)/m - 2/(-20) is divided by 78?
76
Suppose 6*u - 122 = 28. Let y(k) = -6*k - 3. Let j be y(-2). Suppose 8*g - 3*g - 4*p = 46, -p - j = -g. What is the remainder when u is divided by g?
5
Suppose 970*x - 990*x + 3420 = 0. What is the remainder when 298 is divided by x?
127
Suppose 2*i - 5*i = -591. Suppose -56 = -2*r - 3*o, 2*r + 2*o = 490 - 426. What is the remainder when i is divided by r?
37
Suppose 3*t + 115*s - 2400 = 116*s, -4*t + 4*s + 3216 = 0. Calculate the remainder when t is divided by 23.
16
Suppose 0 = 111*q - 88*q - 3496. What is the remainder when 889 is divided by q?
129
Suppose -2*t = -0*f + f - 13, -f = -3*t + 27. Let m(i) = -i + 13. Let q be m(t). Suppose 68 = -n + q*n. Calculate the remainder when 48 is divided by n.
14
Let y(i) = 28 - 85 - 141*i - 6*i + 40. Let h be y(-2). Suppose 8*m - 179 - h = 0. What is the remainder when m is divided by 15?
12
Let h = 6341 - 6316. What is the remainder when 247 is divided by h?
22
Let r = 0 + 7. Suppose -18*l + l + 323 = 0. Let z = 59 - l. What is the remainder when z is divided by r?
5
Suppose -2*b + 811 + 1085 = 4*n, -4*b = -5*n - 3870. What is the remainder when b is divided by 158?
12
Suppose 5*s - 66*u - 2 = -67*u, 2*s + 7 = -3*u. What is the remainder when 6 is divided by s?
0
Suppose 0 = -16*n + 282 - 106. Suppose -35*p - n*p + 1012 = 0. Calculate the remainder when 57 is divided by p.
13
Let i(h) = 2*h**3 - 2 + 11 + 3*h + h + h**2 + 2. Calculate the remainder when i(5) is divided by 44.
42
Calculate the remainder when 1017 is divided by (4/5)/(8/680).
65
Suppose -d - 223*h = -225*h, 4*d = 5*h + 21. What is the remainder when 657 is divided by d?
13
What is the remainder when -5 - ((-4)/8)/(-2 - 468/(-232)) is divided by 19?
5
Suppose -3*q = -3*x + 4884, 33*q + 4920 = 3*x + 36*q. Calculate the remainder when x is divided by 22.
6
Suppose 163*r - 48760 = 14*r - 81*r. Calculate the remainder when 824 is divided by r.
188
Let f = -53 + 24. Suppo